2 - 7*f - 1 - 3*f**2 - f**3 - 3*f**2. Determine g(s).
-1
Let k be 0*10/(-110) + 2. Let c(i) = -3*i**2 + 1. Determine c(k).
-11
Let s(k) = -20*k**2 - 27*k + 8. Let u(i) = 27*i**2 + 37*i - 11. Let a(p) = 11*s(p) + 8*u(p). Determine a(-1).
-3
Let i(q) be the first derivative of 3/2*q**2 + 13 + q. Determine i(4).
13
Let n(s) = -s**3 + s. Let b(p) = -p**3 + p**2 + 2*p - 2. Let u(k) = b(k) - 2*n(k). Let r = 1 + -3. Let l(g) = 2*g + 2. Let f be l(r). Determine u(f).
-6
Let v(t) = -5*t**2 + 17*t - 1. Let w(c) = -c**2 + c - 1. Let l(d) = -v(d) + 6*w(d). Suppose -4*f = -o + 45, -5*f - 2*o - 75 = -7*o. Calculate l(f).
5
Let w = 16 + -10. Suppose -x - 18 = -3*z - w, -7 = x - 2*z. Let b = -2 - x. Let h(g) = g**2 + 4*g - 6. Calculate h(b).
-1
Let c(p) = -17*p**3 + 8*p**2 - 7*p + 12. Let s(l) = 21*l**3 - 8*l**2 + 8*l - 10. Let u(x) = 5*c(x) + 4*s(x). Determine u(8).
-4
Let l(c) = 3*c**2 - 4*c + 2. Let q = -28 - -4. Let z = q - -21. Let f = -1 - z. Give l(f).
6
Suppose -4*g + 3 = a - 4, 0 = 5*a - g - 14. Suppose -3 = -a*x, -l - 2*x - 4 = -4*l. Let v(d) = 3*d**3 - d**2 - 2*d. Calculate v(l).
16
Let r be (0 - 3)*(-6)/(-9). Let l(d) = -3*d**2 - 4*d + 2. What is l(r)?
-2
Let j(g) = 5*g**2 + g - 1. Let i(n) = -4*n**2 - 2*n + 2. Let o(u) = u**3 - 19*u**2 + 2*u - 41. Let w be o(19). Let h(r) = w*j(r) - 4*i(r). Calculate h(-6).
1
Let x(i) = i**2 - 10*i - 10. Suppose -4*w - 47*l = -43*l - 40, 0 = 3*l. Determine x(w).
-10
Let l(p) = -2*p + 7. Let v be l(5). Let g(u) be the second derivative of 0*u**3 + 0 + u**2 + u - 1/12*u**4. What is g(v)?
-7
Let a(g) = g**2 - 2*g - 5. Let l(i) = 4 - 6 - 20*i + 11*i + 8*i. Let k(v) = 2*a(v) - 5*l(v). What is k(-3)?
15
Let c(m) = 0 + 10*m + 0. Suppose -5*n - p + 20 = 6, -n - p = -2. Suppose u + 3*t + 10 + 4 = 0, n*t + 20 = 5*u. Give c(u).
10
Let b(g) be the first derivative of 5/2*g**2 + 1/3*g**3 - 5 + g. What is b(-5)?
1
Let n(v) = v**3 + 6*v**2 - 7*v + 3. Let o(t) = -12*t + 173. Let h be o(15). Give n(h).
3
Let y(t) = 11*t**3 + 12*t**2 - 26*t - 8. Let s(q) = -5*q**3 - 6*q**2 + 12*q + 4. Let p(l) = 13*s(l) + 6*y(l). Calculate p(6).
4
Let x(c) = 2*c + 2*c**3 - c + c + 4*c**3 - 6*c**2 - 1 + 4*c**2. Determine x(1).
5
Let p(v) = -v**3 + 14*v**2 - 11*v - 15. Let t = -306 - -319. Calculate p(t).
11
Let r(u) = 2*u**3 + u - 1. Let w be r(1). Let x(o) = -16*o**2 + 19*o + 5. Let z(v) = 7*v**2 - 8*v - 2. Let s(h) = -2*x(h) - 5*z(h). Determine s(w).
-8
Let l = 26 - 21. Let p(u) = l - u**2 + 2*u + 2 + 2*u. Suppose -3*o + 24 = o. What is p(o)?
-5
Let c(p) be the first derivative of p**2/2 + p - 7. Suppose -4*w = -7*w + 21. Let q = w + -9. Determine c(q).
-1
Let t(g) = 5*g + 45. Let a be t(-7). Let d(s) = s - 1. Calculate d(a).
9
Let b(g) = 3*g**3 + 17*g**2 + 12*g - 21. Let i(p) = 2*p**3 + 16*p**2 + 13*p - 21. Let a(o) = -3*b(o) + 4*i(o). Give a(14).
7
Let k(g) = g**2 - 2. Let i = -20 - -24. Suppose 3*h - 1 - 6 = -4*n, 0 = -5*h + i*n + 33. Suppose -r - 2*r + 19 = -h*d, -5*r = -5*d - 25. Calculate k(r).
7
Let f(t) = -t**3 - 4*t**2 - 4*t - 3. Let u = 139 + -141. Let v be u/(-7)*5/((-25)/35). What is f(v)?
-3
Let x(k) = -3*k. Let a(d) = -28*d - 2. Let w(q) = -a(q) + 5*x(q). Calculate w(2).
28
Let w(r) = -16*r**3 + 13*r + 9. Let p(j) = 27*j**3 + 2*j**2 - 24*j - 18. Let k(t) = 3*p(t) + 5*w(t). Let z = -1 - 6. Calculate k(z).
-9
Let q be (-3*2/18)/(3/45). Let u(x) = x**3 + 5*x**2 + 3*x + 10. Give u(q).
-5
Let o(v) = 5*v + v + v - 6*v + 4. What is o(-11)?
-7
Let x(n) = -20 - n**3 - 4 + 5 + 6*n**2 + 26. What is x(5)?
32
Let y(x) be the third derivative of x**5/30 + x**4/24 - x**3/2 - 12*x**2. Let v(b) be the first derivative of y(b). What is v(-2)?
-7
Let v(s) = s**3 + 5*s**2 + 5. Let h be v(-5). Suppose 23 = h*x + 3*u, 0*x - 2*x = -2*u - 6. Let c(o) = -o**2 + 5*o - 3. Calculate c(x).
1
Let b(h) = h**3 + h**2 - h - 2. Let z be b(-1). Let f(r) = -5*r + 3*r - 7*r. Give f(z).
9
Let w = 4 + -2. Let i(y) = 2*y - 2*y + 0*y + 4*y + 2 - 7*y. Determine i(w).
-4
Let z(u) = 3*u**2 - 5*u. Let g(r) = r**2 - r. Let x(n) = 4*g(n) - z(n). Let l(m) = -27*m**2 - 7*m - 1. Let s(w) = l(w) + 6*x(w). Give s(-1).
-21
Let o(j) = -6 + j - 5 - 4*j. Suppose 201 - 81 = -15*v. Determine o(v).
13
Let v(o) = -o**2 - o + 3. Let f be (-294)/(-7)*(1 + -2). Let n = f + 39. Determine v(n).
-3
Let z be 28/12 + (-18)/(-27). Let l(r) = r - 7. What is l(z)?
-4
Let a(x) be the second derivative of -x**5/20 - x**3/6 - x**2/2 - 93*x. Determine a(-2).
9
Suppose 3*m = -3*v - 15 - 33, v = 5*m + 8. Let d be v/8 - 36/(-8). Let w be -1 - (-2 + d) - 2. Let c(f) = -f - 9. Calculate c(w).
-5
Let h(k) be the third derivative of k**6/120 + k**4/24 - k**3/6 - 19*k**2. Let d(t) = -3*t**3 - 6*t**2 - 9*t + 5. Let z(g) = -d(g) - 4*h(g). What is z(7)?
-15
Let p(j) = -j**2 + 9*j + 3. Let q be p(9). Suppose 7 = -u + q. Let f be u*((-7)/(-2) + -2). Let b(m) = -m**2 - 6*m + 8. Give b(f).
8
Suppose -3*c + 8 = 2. Let h(o) = 48*o**2 - 49*o**c + 5 + 0 - 5*o + 1. Give h(-6).
0
Let a(z) = -4*z**3 + 3*z**2 - 8*z + 11. Let b(g) = g**3 - 2*g**2 - 1. Let k(v) = -a(v) - 5*b(v). What is k(8)?
-6
Suppose 6 = h - 0. Let k(m) = -h + 23*m - 24*m - 7. What is k(-8)?
-5
Let t(u) = 3 - 1 + u**2 + 2*u - 6*u + 0. Let o(a) = -a**3 + 27*a**2 - 24*a - 48. Let n be o(26). Give t(n).
2
Let z = -450 + 443. Let f(n) = -7*n - 41. Determine f(z).
8
Let y = -169 + 289. Let f be y/75*10/4. Let i(q) = q**3 - 3*q**2 - 2*q + 2. Give i(f).
10
Let m(t) = -5*t + 6*t - 1 + 2 + 3. Let h be ((-4)/(-10))/(12/60). Suppose 5 = -5*w + 2*z - 12, -h*z - 23 = 3*w. Give m(w).
-1
Let g(h) = 11*h**3 + 11*h**2 + 16*h + 15. Let s(q) = 13*q**3 + 11*q**2 + 17*q + 16. Let l(f) = -6*g(f) + 5*s(f). Determine l(-10).
0
Let f(d) = -d**3 - d**2 - d. Let n(h) = -h**2 - h. Let r(x) = f(x) - n(x). Calculate r(0).
0
Let i(x) be the first derivative of 0*x - 11 + x**2 - 2/3*x**3. Calculate i(2).
-4
Let s(k) = 171 + 0*k**2 - 352 - 8*k - 8*k**2 + 191 + k**3. Calculate s(9).
19
Let f(d) = -d**2 + 7*d - 5. Let a be ((-32)/(-40))/(1/5). Let j be 0 - (0 - -3 - a). Let z be j*(-3)/((-12)/28). Calculate f(z).
-5
Let l = 17 - 7. Suppose -l = -2*a - 2, -3*w - 3*a = -15. Let c(x) = 2 - w + 8 - x - x**3 + 4. Calculate c(0).
13
Let j(m) = -10*m**3 + 9*m**3 - m + 6*m**2 - 21 + 15. Let x be (6/5)/(2*(-5)/(-50)). Calculate j(x).
-12
Let i(v) = 14*v + 2. Let w(a) = 7*a + 1. Let q(m) = 3*i(m) - 7*w(m). What is q(-1)?
6
Suppose 5 = -5*u - 20. Let m(r) = -3*r + 38*r**2 + 31*r**2 - 70*r**2. Calculate m(u).
-10
Suppose 11*w - w = 0. Suppose -3*g + 12 + 9 = w. Let t(d) = d**3 - 6*d**2 - 7*d - 3. Determine t(g).
-3
Let s(n) = n. Let p(v) = -2*v - 5 + v**2 + 5. Let o(a) = -p(a) + 3*s(a). Let x(g) = -2*g**3 - 7*g**2 - 3*g + 4. Let f be x(-3). Give o(f).
4
Let o(q) = 4*q**2 - 7*q - 5. Let z(v) = -5*v**2 + 8*v + 6. Let d be -3 + (-2)/6 + 7/21. Let u(f) = d*z(f) - 4*o(f). What is u(5)?
-3
Suppose 8*r - 4*r = -12. Let c = 7 + r. Suppose 4*g - 4*f = -13 - 3, 0 = -c*g + 5*f - 20. Let i(q) = -q - 5. Determine i(g).
-5
Let j be -5 - (-2 + 4)*-1. Let r(z) = -3*z - 7*z - 6 + 9*z. Let o(l) = 4*l + 25. Let c(n) = 2*o(n) + 9*r(n). Calculate c(j).
-1
Suppose -4*y = -2*t - 22, -38*y + 5*t = -43*y + 20. Let w(i) = 8*i - 6. What is w(y)?
34
Let j(i) be the second derivative of i**5/20 - i**4/3 - i**2/2 + i. Suppose 39 = -35*v + 48*v. Calculate j(v).
-10
Let z(o) = -o**3 - 6*o**2 - 5*o + 4. Suppose 3*f - 33 = 9. Let d = f - 9. Suppose -d = 2*q + j, -4*q + 2*q - 4*j + 4 = 0. Determine z(q).
-8
Suppose 3 = -7*f - 4. Let m(q) = 4*q - 24 - 21 + 44. Give m(f).
-5
Let i(o) = o**3 + o**2 - o - 2. Let c(y) = 0*y**2 + y**2 - 8 + 2*y - 10*y + 3. Let s be c(9). Suppose a + b = -a + s, 3*a = -2*b + 8. Calculate i(a).
-2
Let x be (-3 + -1)/4*3. Let h(s) = -s + 2. Let v(i) be the first derivative of i**2/2 - i + 5. Let q(p) = x*h(p) - 4*v(p). Give q(3).
-5
Let w(y) = -y**3 - 5*y**2 + 7*y + 3. Let p be w(-6). Let a(j) = -j + 138 - 88 - 55. What is a(p)?
-2
Let x(b) = -12*b**2 - 3*b + 12 + 2*b - b**3 + 4*b - 2*b. Suppose 1620 = -74*t + 7*t - 68*t. Give x(t).
0
Let a(x) = x**3 - 4*x**2 + x. Suppose -6*u + 270 = -0*u. Suppose 10*k + 5 - u = 0. Calculate a(k).
4
Let r(q) = -6*q. Let s = 9 - 8. Suppose 0 = -2*d - 1 - s. Give r(d).
6
Let y = 42 - 37. Let u(k) = 9 + k - 9. Give u(y).
5
Let a be ((-7)/(-2) - 5/(-10))/2. Let g(y) = 0*y**a - 2*y 